factor of 53586?
False
Is 1021 a factor of 133404881?
True
Is 6981 a factor of 1370889598?
False
Does 802 divide 636213103?
False
Is 951443614 a multiple of 677?
True
Is 900 a factor of 436246200?
True
Is 72 a factor of 18602526?
False
Is 350 a factor of 128329600?
True
Is 25 a factor of 15692711?
False
Does 9 divide 14115834?
True
Is 237796324 a multiple of 6593?
True
Does 1372 divide 866515131?
False
Is 20 a factor of 970055140?
True
Does 37 divide 838249874?
True
Is 15787049 a multiple of 366?
False
Is 10 a factor of 5550014?
False
Does 38 divide 3598036417?
False
Is 162118440 a multiple of 357?
False
Does 33 divide 862910850?
False
Is 215914504 a multiple of 26?
True
Is 3 a factor of 3925979?
False
Is 35 a factor of 318973749?
False
Does 341 divide 16406192?
True
Is 7 a factor of 103661159?
True
Is 13102238 a multiple of 1248?
False
Is 369134475 a multiple of 8?
False
Is 9860627 a multiple of 6?
False
Is 2464 a factor of 142319248?
False
Does 25 divide 28707688?
False
Does 5 divide 109629645?
True
Does 59 divide 32888547?
True
Is 44 a factor of 7209821008?
False
Is 12596742 a multiple of 122?
False
Does 1641 divide 429913611?
False
Is 7 a factor of 406609805?
True
Is 67254259 a multiple of 28?
False
Is 2067 a factor of 630257238?
True
Does 1356 divide 181735188?
True
Is 544193157 a multiple of 6?
False
Does 42 divide 17938620?
True
Is 45193005 a multiple of 2341?
True
Is 61 a factor of 9225952?
False
Is 8 a factor of 1341574736?
True
Does 205 divide 507667535?
True
Is 952 a factor of 31167047?
False
Is 8591374 a multiple of 506?
True
Is 17 a factor of 780983927?
True
Is 81518943 a multiple of 59?
True
Does 1658 divide 24435604?
True
Does 7795 divide 1034840620?
False
Is 6945 a factor of 1543776589?
False
Does 197 divide 144341112?
True
Is 1139514 a multiple of 8?
False
Is 94135189 a multiple of 31?
True
Does 3943 divide 2239660561?
False
Is 3 a factor of 13263490?
False
Is 170 a factor of 1370440542?
False
Is 57884442 a multiple of 349?
True
Does 17 divide 408756436?
False
Does 47 divide 292251989?
False
Does 5054 divide 1058454811?
False
Is 29 a factor of 41458404?
False
Is 296816003 a multiple of 585?
False
Does 12 divide 13245000?
True
Is 15186372 a multiple of 453?
True
Is 9402 a factor of 423766944?
True
Is 195543276 a multiple of 740?
False
Is 71526960 a multiple of 328?
True
Does 10 divide 33160476?
False
Is 9 a factor of 26998955?
False
Is 9 a factor of 878691573?
True
Is 97 a factor of 108980470?
True
Is 43 a factor of 422948?
True
Does 36 divide 27262476?
True
Does 3 divide 1692815424?
True
Does 8 divide 143394602?
False
Is 646 a factor of 6409612?
True
Does 12 divide 302378042?
False
Is 1021 a factor of 47707246?
True
Does 894 divide 185467452?
True
Is 1111753160 a multiple of 721?
True
Is 739006719 a multiple of 6?
False
Is 2760355 a multiple of 65?
True
Does 8 divide 158709984?
True
Is 59207070 a multiple of 39?
True
Is 444329445 a multiple of 35?
True
Does 4296 divide 291341832?
True
Does 14 divide 268464987?
False
Is 1424088 a multiple of 13?
False
Is 6872 a factor of 377121616?
True
Is 151 a factor of 57104105?
False
Is 90 a factor of 49313430?
True
Does 920 divide 228563903?
False
Is 730866176 a multiple of 2176?
True
Is 30 a factor of 679634?
False
Does 5089 divide 2352578543?
True
Is 151 a factor of 39643238?
True
Is 99650132 a multiple of 596?
False
Is 373034359 a multiple of 93?
False
Is 186 a factor of 157798772?
False
Does 138 divide 163288224?
True
Does 10 divide 969055059?
False
Does 207 divide 528462099?
True
Is 162939260 a multiple of 4444?
True
Is 5050989 a multiple of 5?
False
Does 162 divide 31526691?
False
Does 12 divide 935544?
True
Does 33 divide 53667675?
False
Does 701 divide 52242726?
True
Is 39508570 a multiple of 155?
True
Does 575 divide 79375875?
True
Is 5297914 a multiple of 18?
False
Does 915 divide 542567550?
True
Is 4495869 even?
False
Does 1714 divide 147075612?
False
Does 12 divide 3331271241?
False
Does 861 divide 1765289364?
False
Is 386 a factor of 21577014?
True
Is 28 a factor of 51366140?
True
Is 210 a factor of 373902695?
False
Is 216 a factor of 128999304?
True
Is 9 a factor of 208018683?
True
Does 1598 divide 3313418141?
False
Is 4 a factor of 61854134?
False
Is 64 a factor of 40227840?
True
Does 83 divide 56563884?
False
Does 4 divide 1060204?
True
Is 178 a factor of 77229888?
False
Does 2 divide 397425?
False
Is 198492641 a multiple of 14?
False
Is 184987893 a multiple of 152?
False
Is 43 a factor of 155598797?
False
Is 1182 a factor of 46735098?
True
Is 13 a factor of 117445676?
False
Is 16 a factor of 3741440?
True
Is 14636948 a multiple of 34?
False
Is 239 a factor of 475567859?
False
Is 771 a factor of 34947117?
True
Is 170 a factor of 8233950?
True
Is 4024263 a multiple of 1373?
True
Does 21 divide 90131013?
True
Does 195 divide 158375880?
True
Is 17799467 a multiple of 8?
False
Is 480742454 a multiple of 30?
False
Is 1522538288 a multiple of 128?
False
Is 700685 a multiple of 3?
False
Is 77698810 a multiple of 1234?
True
Does 94 divide 3616204?
False
Is 1081 a factor of 1773649669?
True
Is 99026879 a multiple of 32?
False
Is 6 a factor of 1818639?
False
Does 43 divide 67434707?
True
Does 2551 divide 601125226?
False
Does 361 divide 149866044?
False
Does 115 divide 3207810?
True
Is 3 a factor of 383087779?
False
Is 29261754 a multiple of 174?
True
Is 4123 a factor of 385154168?
True
Does 106 divide 1192283988?
False
Is 340 a factor of 8025619?
False
Is 194700222 a multiple of 3546?
True
Is 49 a factor of 34006329?
False
Is 3806 a factor of 207152968?
True
Is 224 a factor of 329806?
False
Does 1902 divide 917988888?
True
Is 17125220 a multiple of 140?
True
Is 7195 a factor of 1018070915?
True
Is 12 a factor of 453573996?
True
Does 81 divide 864510165?
True
Does 185 divide 1486123?
False
Is 2109 a factor of 2585305145?
False
Is 73661629 a multiple of 2693?
True
Is 3190966455 a multiple of 2802?
False
Is 724 a factor of 610494788?
False
Is 30343357 a multiple of 11?
True
Does 186 divide 1896467718?
True
Is 1929051048 a multiple of 63?
False
Is 2600 a factor of 84419400?
True
Does 1182 divide 20441508?
True
Is 199108126 a multiple of 166?
False
Does 733 divide 4931783851?
False
Is 93 a factor of 514223154?
False
Is 402183608 a multiple of 30?
False
Is 2561617 a multiple of 3613?
True
Does 15 divide 70336052?
False
Does 23 divide 18711075?
True
Is 69 a factor of 15004464?
True
Does 22 divide 725716388?
False
Is 640 a factor of 304664047?
False
Does 35 divide 7588112?
False
Is 1457063 a multiple of 2?
False
Is 2131894464 a multiple of 84?
True
Does 1063 divide 377775425?
False
Is 27 a factor of 54693415?
False
Does 720 divide 53303029?
False
Is 13141237 a multiple of 15?
False
Does 52 divide 68566555?
False
Is 83 a factor of 9618221?
False
Is 37 a factor of 6772295?
True
Is 1368615513 a multiple of 4470?
False
Is 107 a factor of 120492296?
False
Is 2308 a factor of 100177961?
False
Is 555439488 a multiple of 384?
True
Does 713 divide 50615856?
False
Is 13944384 a multiple of 5?
False
Is 5 a factor of 13927010?
True
Is 3330 a factor of 320208744?
False
Is 417238512 a multiple of 48?
True
Does 363 divide 544215771?
True
Does 32 divide 576880736?
True
Is 25 a factor of 119152850?
True
Is 22846700 a multiple of 100?
True
Does 74 divide 3327558?
True
Does 13 divide 1087398624?
True
Is 24141840 a multiple of 6?
True
Is 861 a factor of 741726531?
True
Does 29 divide 44722617?
False
Is 1039486 a multiple of 30?
False
Is 66764992 a multiple of 14?
True
Is 29678733 a multiple of 1172?
False
Is 17 a factor of 285228176?
True
Is 1099520162 a multiple of 611?
True
Is 389 a factor of 1828984973?
False
Is 738 a factor of 4012763562?
True
Is 24 a factor of 6901176?
True
Is 29 a factor of 411239082?
True
Does 14 divide 30297186?
False
Is 761825067 a multiple of 3?
True
Is 8207 a factor of 2288378567?
False
Is 173648223 a multiple of 191?
True
Is 26665184 a multiple of 1456?
True
Is 10500 a factor of 2098557386?
False
Is 6902449719 a multiple of 16?
False
Is 2331644342 a multiple of 849?
False
Is 45 a factor of 1857838894?
False
Is 434 a factor of 292002578?
True
Is 292856211 a multiple of 2169?
True
Does 110 divide 56564604?
False
Does 391 divide 11647776?
False
Does 289 divide 38326908?
False
Is 